tiple of 16?
False
Is 864 a multiple of 16?
True
Is 108 a factor of 125668?
False
Is 6 a factor of 1974?
True
Does 13 divide 2559?
False
Is 8032 a multiple of 32?
True
Is 952 a multiple of 14?
True
Is 1368 a multiple of 75?
False
Is 88 a factor of 2376?
True
Does 17 divide 5487?
False
Is 50518 a multiple of 22?
False
Is 37 a factor of 6892?
False
Is 1075 a multiple of 43?
True
Is 149 a factor of 178502?
True
Is 1394 a multiple of 6?
False
Is 31154 a multiple of 74?
True
Is 50 a factor of 300?
True
Is 6 a factor of 6579?
False
Is 36 a factor of 356?
False
Is 9 a factor of 696?
False
Is 8993 a multiple of 23?
True
Is 3280 a multiple of 8?
True
Does 2 divide 100?
True
Is 1668 a multiple of 21?
False
Does 53 divide 13833?
True
Is 17 a factor of 10878?
False
Does 41 divide 410?
True
Is 5616 a multiple of 156?
True
Is 3074 a multiple of 53?
True
Is 983 a multiple of 17?
False
Is 759 a multiple of 76?
False
Is 3835 a multiple of 295?
True
Does 4 divide 189?
False
Is 1674 a multiple of 18?
True
Does 35 divide 16087?
False
Is 15 a factor of 7656?
False
Does 3 divide 201?
True
Is 717 a multiple of 9?
False
Is 76259 a multiple of 58?
False
Is 23 a factor of 4324?
True
Does 116 divide 6433?
False
Is 16101 a multiple of 11?
False
Is 95 a factor of 24338?
False
Is 194 a factor of 117952?
True
Is 7 a factor of 5748?
False
Is 362 a multiple of 2?
True
Is 13833 a multiple of 7?
False
Is 47 a factor of 940?
True
Does 6 divide 19128?
True
Is 21870 a multiple of 15?
True
Does 80 divide 8784?
False
Is 945 a multiple of 35?
True
Does 72 divide 83256?
False
Is 3 a factor of 228?
True
Is 36 a factor of 504?
True
Does 16 divide 7344?
True
Is 27 a factor of 46494?
True
Is 978 a multiple of 12?
False
Does 15 divide 600?
True
Is 8 a factor of 306?
False
Is 4380 a multiple of 18?
False
Is 105 a factor of 1995?
True
Is 1092 a multiple of 28?
True
Does 17 divide 1778?
False
Is 4328 a multiple of 12?
False
Is 16 a factor of 9568?
True
Does 47 divide 1363?
True
Is 144 a multiple of 38?
False
Is 4 a factor of 6948?
True
Does 34 divide 1700?
True
Is 52 a factor of 9380?
False
Is 60 a factor of 3360?
True
Is 11369 a multiple of 11?
False
Is 12 a factor of 627?
False
Is 165 a multiple of 9?
False
Does 91 divide 6726?
False
Is 23758 a multiple of 4?
False
Is 360 a multiple of 15?
True
Is 2079 a multiple of 9?
True
Is 120 a factor of 42636?
False
Is 11433 a multiple of 37?
True
Is 81 a factor of 5751?
True
Does 12 divide 5259?
False
Is 77946 a multiple of 20?
False
Is 5749 a multiple of 128?
False
Is 5352 a multiple of 8?
True
Is 604 a multiple of 71?
False
Is 3146 a multiple of 26?
True
Does 102 divide 2244?
True
Is 70 a factor of 11864?
False
Does 35 divide 209?
False
Is 32 a factor of 14909?
False
Does 23 divide 15968?
False
Does 16 divide 12944?
True
Does 34 divide 19254?
False
Does 16 divide 8080?
True
Does 4 divide 752?
True
Is 18 a factor of 72906?
False
Is 54659 a multiple of 11?
True
Does 13 divide 4420?
True
Is 526 a multiple of 6?
False
Is 5208 a multiple of 186?
True
Does 154 divide 100353?
False
Does 7 divide 2105?
False
Is 80 a multiple of 6?
False
Is 56461 a multiple of 131?
True
Is 8147 a multiple of 12?
False
Is 1300 a multiple of 78?
False
Does 239 divide 10263?
False
Is 28 a factor of 73556?
True
Is 2345 a multiple of 20?
False
Does 55 divide 535?
False
Is 16 a factor of 19608?
False
Does 6 divide 77?
False
Is 19 a factor of 13129?
True
Is 15904 a multiple of 224?
True
Does 127 divide 889?
True
Is 6834 a multiple of 11?
False
Is 2271 a multiple of 3?
True
Is 1001 a multiple of 24?
False
Does 73 divide 382?
False
Is 41 even?
False
Does 13 divide 21554?
True
Is 71 a factor of 33938?
True
Does 170 divide 9473?
False
Does 4 divide 615?
False
Does 19 divide 17670?
True
Is 3 a factor of 2091?
True
Is 5 a factor of 370?
True
Is 12735 a multiple of 9?
True
Is 80113 a multiple of 11?
True
Is 18 a multiple of 4?
False
Does 9 divide 846?
True
Is 75 a multiple of 8?
False
Does 10 divide 19?
False
Does 55 divide 41855?
True
Is 3054 a multiple of 86?
False
Does 26 divide 367?
False
Does 9 divide 9753?
False
Does 31 divide 52545?
True
Is 4144 a multiple of 28?
True
Is 269 a multiple of 26?
False
Is 1079 a multiple of 83?
True
Is 6 a factor of 444?
True
Does 86 divide 3870?
True
Is 215 a factor of 25800?
True
Does 128 divide 115200?
True
Is 10 a factor of 379?
False
Is 2211 a multiple of 11?
True
Is 12326 a multiple of 136?
False
Is 21867 a multiple of 8?
False
Is 34 a factor of 84966?
True
Is 497 a multiple of 28?
False
Is 300 a multiple of 10?
True
Is 4269 a multiple of 28?
False
Is 13 a factor of 1334?
False
Does 134 divide 15276?
True
Is 2479 even?
False
Is 19 a factor of 364?
False
Is 6 a factor of 219?
False
Is 91 a multiple of 21?
False
Is 9 a factor of 1104?
False
Is 116 a multiple of 7?
False
Is 52 a factor of 39091?
False
Is 4605 a multiple of 15?
True
Does 52 divide 111911?
False
Is 3742 a multiple of 10?
False
Is 11938 a multiple of 47?
True
Does 21 divide 3312?
False
Is 73 a factor of 46720?
True
Is 5379 a multiple of 33?
True
Does 10 divide 3816?
False
Is 8 a factor of 63392?
True
Is 1327 a multiple of 4?
False
Does 48 divide 1524?
False
Is 21 a factor of 42?
True
Does 69 divide 8694?
True
Does 5 divide 1027?
False
Is 33 a factor of 4791?
False
Is 29 a factor of 348?
True
Is 1232 a multiple of 4?
True
Is 78380 a multiple of 69?
False
Is 218 a factor of 10379?
False
Is 40 a factor of 537?
False
Does 199 divide 7482?
False
Is 11 a factor of 1828?
False
Does 5 divide 4088?
False
Is 4 a factor of 1068?
True
Is 113 a factor of 19318?
False
Is 11831 a multiple of 107?
False
Is 4929 a multiple of 53?
True
Does 88 divide 5447?
False
Is 18 a factor of 617?
False
Does 14 divide 331?
False
Does 165 divide 23772?
False
Does 39 divide 5460?
True
Is 13 a factor of 55991?
True
Does 64 divide 227?
False
Does 16 divide 53745?
False
Does 37 divide 14735?
False
Is 116 a factor of 21924?
True
Does 83 divide 130227?
True
Is 34 a factor of 1785?
False
Is 16 even?
True
Does 53 divide 24876?
False
Is 9 a factor of 450?
True
Is 20 a factor of 12428?
False
Is 23 a factor of 46?
True
Is 994 a multiple of 7?
True
Is 45828 a multiple of 13?
False
Does 68 divide 5409?
False
Is 1027 a multiple of 93?
False
Is 1040 a multiple of 4?
True
Does 89 divide 1157?
True
Does 79 divide 954?
False
Is 759 a multiple of 11?
True
Does 18 divide 13643?
False
Does 85 divide 2046?
False
Is 1961 a multiple of 53?
True
Does 12 divide 31932?
True
Does 30 divide 270?
True
Is 111 a factor of 118276?
False
Does 5 divide 165?
True
Does 174 divide 6127?
False
Is 9 a factor of 1548?
True
Is 8 a factor of 544?
True
Does 80 divide 1219?
False
Is 194 a factor of 2522?
True
Is 68 a factor of 15232?
True
Is 11 a factor of 2789?
False
Does 45 divide 12690?
True
Is 23 a factor of 387?
False
Is 10 a factor of 4200?
True
Does 9 divide 322?
False
Does 82 divide 3473?
False
Does 11 divide 1573?
True
Does 15 divide 58845?
True
Is 1309 a multiple of 95?
False
Does 13 divide 5348?
False
Does 97 divide 19788?
True
Does 32 divide 3457?
False
Does 33 divide 5279?
False
Is 31 a factor of 6944?
True
Does 24 divide 1992?
True
Does 72 divide 6696?
True
Does 31 divide 50220?
True
Is 559 a multiple of 43?
True
Is 210 a factor of 5971?
False
Does 34 divide 204?
True
Is 11 a factor of 1796?
False
Does 206 divide 3090?
True
Is 660 a multiple of 10?
True
Is 74 a factor of 1554?
True
Does 24 divide 612?
False
Does 98 divide 882?
True
Is 7 a factor of 1479?
False
Is 59 a factor of 3009?
True
Is 144 a multiple of 18?
True
Is 38720 a multiple of 18?
False
Does 44 divide 16676?
True
Is 276 a multiple of 9?
False
Is 9437 a multiple of 130?
False
Is 11983 a multiple of 17?
False
Is 435 a multiple of 7?
False
Is 699 a multiple of 71?
False
Is 90 a factor of 52620?
False
Is 71632 a multiple of 22?
True
Is 3 a factor of 68?
False
Is 3938 a multiple of 22?
True
Does 184 divide 1472?
True
Is 76 a factor of 25156?
True
Does 19 divide 2206?
False
Is 6127 a multiple of 5?
False
Is 31 a factor of 2449?
True
Does 59 divide 120419?
True
Is 2231 a multiple of 36?
False
Is 22 a factor of 4510?
True
Does 71 divide 26226?
False
Does 39 divide 8993?
False
Is 8 a factor of 2912?
True
Is 1241 a multiple of 15?
False
Is 90 a factor of 1042?
False
Is 760 a multiple of 